{"id":1148,"date":"2013-09-01T20:29:31","date_gmt":"2013-09-01T19:29:31","guid":{"rendered":"https:\/\/www.scrummanager.com\/blog\/?page_id=1148"},"modified":"2018-07-29T12:59:41","modified_gmt":"2018-07-29T11:59:41","slug":"cookies","status":"publish","type":"page","link":"https:\/\/www.scrummanager.com\/blog\/cookies\/","title":{"rendered":"Pol\u00edtica de cookies"},"content":{"rendered":"<p>Las <b>cookies<\/b> son archivos peque\u00f1os que las\u00a0p\u00e1ginas web almacenan en el navegador del usuario que las visita y\u00a0resultan necesarios para aportar a la navegaci\u00f3n web innumerables\u00a0ventajas en la prestaci\u00f3n de servicios interactivos.<\/p>\n<p>La siguiente informaci\u00f3n de los tipos posibles de cookies\u00a0ayuda a comprender mejor las funciones que hacen posible:<\/p>\n<ul>\n<li><b>Cookies de sesi\u00f3n:<\/b> son cookies\u00a0temporales que permanecen en el espacio de cookies de su equipo hasta\u00a0que abandona la p\u00e1gina web que la emplea, por lo que ninguna queda\u00a0registrada en el disco del usuario. La informaci\u00f3n obtenida por medio\u00a0de estas cookies sirve para hacer posible la gesti\u00f3n operativa con cada\u00a0uno de los usuarios que est\u00e1 accediendo de forma simult\u00e1nea a la web.<\/li>\n<li><b>Cookies persistentes:<\/b> son cookies que\u00a0permanecen almacenadas en el espacio de cookies de su equipo una vez\u00a0abandonada la p\u00e1gina web, y que volver\u00e1 a consultar dicha p\u00e1gina web la\u00a0pr\u00f3xima vez que acceda a ella para recordar informaci\u00f3n que facilite la\u00a0navegaci\u00f3n (acceder directamente al servicio sin necesidad de hacer el\u00a0proceso de login) o la prestaci\u00f3n de un servicio \u00a0comercial (ofrecer\u00a0aquellos productos o servicios relacionados con anteriores visitas).<\/li>\n<\/ul>\n<p>Las cookies intercambiadas al navegar por una p\u00e1gina web\u00a0pueden ser:<\/p>\n<ul>\n<li><b>Cookies de origen o propias:<\/b> son cookies\u00a0generadas por la propia p\u00e1gina web que se est\u00e1 visitando.<\/li>\n<li><b>Cookies de terceros:<\/b> son cookies que se\u00a0reciben al navegar por esa p\u00e1gina web, pero que han sido generadas por\u00a0un tercer servicio que se encuentra hospedado en ella. Un ejemplo puede\u00a0ser la cookie empleada por un anuncio o banner de publicidad que se\u00a0encuentra en la p\u00e1gina web que visitamos. Otro puede ser la cookie\u00a0empleada por un contador de visitantes contratado por la p\u00e1gina web que\u00a0visitamos.<\/li>\n<\/ul>\n<p>Las cookies pueden ser usadas para:<\/p>\n<ul>\n<li><b>Fines t\u00e9cnicos:<\/b> Son necesarias para el\u00a0funcionamiento de la p\u00e1gina web. Son las denominadas tambi\u00e9n <b>estrictamente\u00a0necesarias<\/b>. Hacen posible el control de tr\u00e1fico desde el\u00a0servidor a m\u00faltiples usuarios a la vez, la identificaci\u00f3n y el acceso<br \/>\ncomo usuario del sistema, etc.<\/li>\n<li><b>Personalizaci\u00f3n:<\/b> Hacen posible que cada\u00a0usuario pueda configurar aspectos como el lenguaje en el que desea ver\u00a0la p\u00e1gina web, formatos de visualizaci\u00f3n, etc.<\/li>\n<li><b>An\u00e1lisis o rendimiento:<\/b> Permiten medir\u00a0el n\u00famero de visitas y criterios de navegaci\u00f3n de diferentes \u00e1reas de\u00a0la web.<\/li>\n<li><b>Publicidad:<\/b> Permiten implementar\u00a0par\u00e1metros de eficiencia en la publicidad ofrecida en las p\u00e1ginas web.<\/li>\n<li><b>Publicidad comportamental:<\/b> Permiten\u00a0implementar par\u00e1metros de eficiencia en la publicidad ofrecida en las\u00a0p\u00e1ginas web, basados en informaci\u00f3n sobre el comportamiento de los\u00a0usuarios.<\/li>\n<\/ul>\n<p>Las cookies que empleamos en el blog de scrummanager.com son cookies de personalizaci\u00f3n empleadas por los plugins sociales: Add This y Twitter.<\/p>\n<p>La normativa europea indica que\u00a0aceptar estas cookies es condici\u00f3n necesaria para usar esta\u00a0p\u00e1gina web. Si decide eliminar estas cookies de su\u00a0dispositivo no podremos garantizar el funcionamiento de los componentes que las emplean.<\/p>\n<h2>Cookies empleadas en este sitio web<\/h2>\n<table style=\"text-align: left; width: 100%;\" border=\"1\" cellspacing=\"2\" cellpadding=\"5\">\n<tbody>\n<tr>\n<td style=\"text-align: center;\"><span style=\"font-weight: bold;\">Cookie<\/span><\/td>\n<td style=\"text-align: center;\"><span style=\"font-weight: bold;\">Proveedor<\/span><\/td>\n<td style=\"text-align: center; font-weight: bold;\">Duraci\u00f3n<\/td>\n<\/tr>\n<tr>\n<td>__atuvc<\/p>\n<p>&nbsp;<\/td>\n<td>addhis.com<\/td>\n<td>2 a\u00f1os<\/td>\n<\/tr>\n<tr>\n<td style=\"vertical-align: top;\">__atuvs<\/td>\n<td style=\"vertical-align: top;\">addhis.com<\/td>\n<td style=\"vertical-align: top;\">1 d\u00eda<\/td>\n<\/tr>\n<tr>\n<td>uid<\/td>\n<td>addhis.com<\/td>\n<td>2 a\u00f1os<\/td>\n<\/tr>\n<tr>\n<td style=\"vertical-align: top;\">uit<\/td>\n<td style=\"vertical-align: top;\">addhis.com<\/td>\n<td style=\"vertical-align: top;\">1 d\u00eda<\/td>\n<\/tr>\n<tr>\n<td>gest_id<\/td>\n<td>twitter.com<\/td>\n<td>2 a\u00f1os<\/td>\n<\/tr>\n<tr>\n<td style=\"vertical-align: top;\">__utma<\/td>\n<td style=\"vertical-align: top;\">google.com (analytics)<\/td>\n<td style=\"vertical-align: top;\">persistente<\/td>\n<\/tr>\n<tr>\n<td style=\"vertical-align: top;\">__utmc<\/td>\n<td style=\"vertical-align: top;\">google.com (analytics)<\/td>\n<td style=\"vertical-align: top;\">30 min.<\/td>\n<\/tr>\n<tr>\n<td style=\"vertical-align: top;\">__utmz<\/td>\n<td style=\"vertical-align: top;\">google.com (analytics)<\/td>\n<td style=\"vertical-align: top;\">6 meses<\/td>\n<\/tr>\n<\/tbody>\n<\/table>\n<p>&nbsp;<\/p>\n<h2>C\u00f3mo desinstalar cookies<\/h2>\n<p>Si quieres borrar de tu navegador las cookies registradas por\u00a0Scrum<br \/>\nManager, aqu\u00ed tienes instrucciones para distintos navegadores:<\/p>\n<p>&nbsp;<\/p>\n<ul>\n<li>Microsoft Internet Explorer o Microsoft Edge:<br \/>\nhttp:\/\/windows.microsoft.com\/es-es\/windows-vista\/Block-or-allow-cookies<\/li>\n<li>Mozilla Firefox: http:\/\/support.mozilla.org\/es\/kb\/impedir-que-los-sitios-web-guarden-sus-preferencia<\/li>\n<li>Chrome: https:\/\/support.google.com\/accounts\/answer\/61416?hl=es<\/li>\n<li>Safari: http:\/\/safari.helpmax.net\/es\/privacidad-y-seguridad\/como-gestionar-las-cookies\/<\/li>\n<li>Opera: http:\/\/help.opera.com\/Linux\/10.60\/es-ES\/cookies.html<\/li>\n<li><b>Otros:<\/b> En general, para eliminar las\u00a0cookies de tu navegador debes ir al men\u00fa Preferencias o Configuraci\u00f3n\u00a0del navegador y buscar la secci\u00f3n Privacidad. All\u00ed encontrar\u00e1s opciones\u00a0para gestionar tus cookies y otros datos almacenados por los sitios web\u00a0que visitas, as\u00ed como configurar el comportamiento de tu navegador al\u00a0tratar las cookies.<\/li>\n<\/ul>\n<p>&nbsp;<\/p>\n<!-- AddThis Advanced Settings generic via filter on the_content --><!-- AddThis Share Buttons generic via filter on the_content -->","protected":false},"excerpt":{"rendered":"<p>Las cookies son archivos peque\u00f1os que las\u00a0p\u00e1ginas web almacenan en el navegador del usuario que las visita y\u00a0resultan necesarios para aportar a la navegaci\u00f3n web innumerables\u00a0ventajas en la prestaci\u00f3n de servicios interactivos. La siguiente informaci\u00f3n [&hellip;]<\/p>\n","protected":false},"author":1,"featured_media":0,"parent":0,"menu_order":0,"comment_status":"closed","ping_status":"closed","template":"","meta":{"_monsterinsights_skip_tracking":false,"_monsterinsights_sitenote_active":false,"_monsterinsights_sitenote_note":"","_monsterinsights_sitenote_category":0,"footnotes":""},"class_list":["post-1148","page","type-page","status-publish","hentry"],"yoast_head":"<!-- This site is optimized with the Yoast SEO plugin v27.4 - https:\/\/yoast.com\/product\/yoast-seo-wordpress\/ -->\n<title>Pol\u00edtica de cookies - Blog<\/title>\n<meta name=\"robots\" content=\"index, follow, max-snippet:-1, max-image-preview:large, max-video-preview:-1\" \/>\n<link rel=\"canonical\" href=\"https:\/\/www.scrummanager.com\/blog\/cookies\/\" \/>\n<meta property=\"og:locale\" content=\"es_ES\" \/>\n<meta property=\"og:type\" content=\"article\" \/>\n<meta property=\"og:title\" content=\"Pol\u00edtica de cookies - Blog\" \/>\n<meta property=\"og:description\" content=\"Las cookies son archivos peque\u00f1os que las\u00a0p\u00e1ginas web almacenan en el navegador del usuario que las visita y\u00a0resultan necesarios para aportar a la navegaci\u00f3n web innumerables\u00a0ventajas en la prestaci\u00f3n de servicios interactivos. La siguiente informaci\u00f3n [&hellip;]\" \/>\n<meta property=\"og:url\" content=\"https:\/\/www.scrummanager.com\/blog\/cookies\/\" \/>\n<meta property=\"og:site_name\" content=\"Blog\" \/>\n<meta property=\"article:publisher\" content=\"https:\/\/www.facebook.com\/pages\/Scrum-Manager\/144889095527292\" \/>\n<meta property=\"article:modified_time\" content=\"2018-07-29T11:59:41+00:00\" \/>\n<meta name=\"twitter:card\" content=\"summary_large_image\" \/>\n<meta name=\"twitter:site\" content=\"@ScrumManager\" \/>\n<meta name=\"twitter:label1\" content=\"Tiempo de lectura\" \/>\n\t<meta name=\"twitter:data1\" content=\"3 minutos\" \/>\n<script type=\"application\/ld+json\" class=\"yoast-schema-graph\">{\"@context\":\"https:\\\/\\\/schema.org\",\"@graph\":[{\"@type\":\"WebPage\",\"@id\":\"https:\\\/\\\/www.scrummanager.com\\\/blog\\\/cookies\\\/\",\"url\":\"https:\\\/\\\/www.scrummanager.com\\\/blog\\\/cookies\\\/\",\"name\":\"Pol\u00edtica de cookies - Blog\",\"isPartOf\":{\"@id\":\"https:\\\/\\\/www.scrummanager.com\\\/blog\\\/#website\"},\"datePublished\":\"2013-09-01T19:29:31+00:00\",\"dateModified\":\"2018-07-29T11:59:41+00:00\",\"breadcrumb\":{\"@id\":\"https:\\\/\\\/www.scrummanager.com\\\/blog\\\/cookies\\\/#breadcrumb\"},\"inLanguage\":\"es\",\"potentialAction\":[{\"@type\":\"ReadAction\",\"target\":[\"https:\\\/\\\/www.scrummanager.com\\\/blog\\\/cookies\\\/\"]}]},{\"@type\":\"BreadcrumbList\",\"@id\":\"https:\\\/\\\/www.scrummanager.com\\\/blog\\\/cookies\\\/#breadcrumb\",\"itemListElement\":[{\"@type\":\"ListItem\",\"position\":1,\"name\":\"Home\",\"item\":\"https:\\\/\\\/www.scrummanager.com\\\/blog\\\/\"},{\"@type\":\"ListItem\",\"position\":2,\"name\":\"Pol\u00edtica de cookies\"}]},{\"@type\":\"WebSite\",\"@id\":\"https:\\\/\\\/www.scrummanager.com\\\/blog\\\/#website\",\"url\":\"https:\\\/\\\/www.scrummanager.com\\\/blog\\\/\",\"name\":\"Blog\",\"description\":\"Por el equipo de colaboradores de Scrum Manager\",\"publisher\":{\"@id\":\"https:\\\/\\\/www.scrummanager.com\\\/blog\\\/#organization\"},\"potentialAction\":[{\"@type\":\"SearchAction\",\"target\":{\"@type\":\"EntryPoint\",\"urlTemplate\":\"https:\\\/\\\/www.scrummanager.com\\\/blog\\\/?s={search_term_string}\"},\"query-input\":{\"@type\":\"PropertyValueSpecification\",\"valueRequired\":true,\"valueName\":\"search_term_string\"}}],\"inLanguage\":\"es\"},{\"@type\":\"Organization\",\"@id\":\"https:\\\/\\\/www.scrummanager.com\\\/blog\\\/#organization\",\"name\":\"Scrum Manager\",\"url\":\"https:\\\/\\\/www.scrummanager.com\\\/blog\\\/\",\"logo\":{\"@type\":\"ImageObject\",\"inLanguage\":\"es\",\"@id\":\"https:\\\/\\\/www.scrummanager.com\\\/blog\\\/#\\\/schema\\\/logo\\\/image\\\/\",\"url\":\"https:\\\/\\\/www.scrummanager.com\\\/blog\\\/wp-content\\\/uploads\\\/2017\\\/06\\\/logo_scrum_manager_900.png\",\"contentUrl\":\"https:\\\/\\\/www.scrummanager.com\\\/blog\\\/wp-content\\\/uploads\\\/2017\\\/06\\\/logo_scrum_manager_900.png\",\"width\":900,\"height\":225,\"caption\":\"Scrum Manager\"},\"image\":{\"@id\":\"https:\\\/\\\/www.scrummanager.com\\\/blog\\\/#\\\/schema\\\/logo\\\/image\\\/\"},\"sameAs\":[\"https:\\\/\\\/www.facebook.com\\\/pages\\\/Scrum-Manager\\\/144889095527292\",\"https:\\\/\\\/x.com\\\/ScrumManager\",\"https:\\\/\\\/www.linkedin.com\\\/company-beta\\\/5013857\",\"https:\\\/\\\/www.youtube.com\\\/user\\\/scrummanager\"]}]}<\/script>\n<!-- \/ Yoast SEO plugin. -->","yoast_head_json":{"title":"Pol\u00edtica de cookies - Blog","robots":{"index":"index","follow":"follow","max-snippet":"max-snippet:-1","max-image-preview":"max-image-preview:large","max-video-preview":"max-video-preview:-1"},"canonical":"https:\/\/www.scrummanager.com\/blog\/cookies\/","og_locale":"es_ES","og_type":"article","og_title":"Pol\u00edtica de cookies - Blog","og_description":"Las cookies son archivos peque\u00f1os que las\u00a0p\u00e1ginas web almacenan en el navegador del usuario que las visita y\u00a0resultan necesarios para aportar a la navegaci\u00f3n web innumerables\u00a0ventajas en la prestaci\u00f3n de servicios interactivos. La siguiente informaci\u00f3n [&hellip;]","og_url":"https:\/\/www.scrummanager.com\/blog\/cookies\/","og_site_name":"Blog","article_publisher":"https:\/\/www.facebook.com\/pages\/Scrum-Manager\/144889095527292","article_modified_time":"2018-07-29T11:59:41+00:00","twitter_card":"summary_large_image","twitter_site":"@ScrumManager","twitter_misc":{"Tiempo de lectura":"3 minutos"},"schema":{"@context":"https:\/\/schema.org","@graph":[{"@type":"WebPage","@id":"https:\/\/www.scrummanager.com\/blog\/cookies\/","url":"https:\/\/www.scrummanager.com\/blog\/cookies\/","name":"Pol\u00edtica de cookies - Blog","isPartOf":{"@id":"https:\/\/www.scrummanager.com\/blog\/#website"},"datePublished":"2013-09-01T19:29:31+00:00","dateModified":"2018-07-29T11:59:41+00:00","breadcrumb":{"@id":"https:\/\/www.scrummanager.com\/blog\/cookies\/#breadcrumb"},"inLanguage":"es","potentialAction":[{"@type":"ReadAction","target":["https:\/\/www.scrummanager.com\/blog\/cookies\/"]}]},{"@type":"BreadcrumbList","@id":"https:\/\/www.scrummanager.com\/blog\/cookies\/#breadcrumb","itemListElement":[{"@type":"ListItem","position":1,"name":"Home","item":"https:\/\/www.scrummanager.com\/blog\/"},{"@type":"ListItem","position":2,"name":"Pol\u00edtica de cookies"}]},{"@type":"WebSite","@id":"https:\/\/www.scrummanager.com\/blog\/#website","url":"https:\/\/www.scrummanager.com\/blog\/","name":"Blog","description":"Por el equipo de colaboradores de Scrum Manager","publisher":{"@id":"https:\/\/www.scrummanager.com\/blog\/#organization"},"potentialAction":[{"@type":"SearchAction","target":{"@type":"EntryPoint","urlTemplate":"https:\/\/www.scrummanager.com\/blog\/?s={search_term_string}"},"query-input":{"@type":"PropertyValueSpecification","valueRequired":true,"valueName":"search_term_string"}}],"inLanguage":"es"},{"@type":"Organization","@id":"https:\/\/www.scrummanager.com\/blog\/#organization","name":"Scrum Manager","url":"https:\/\/www.scrummanager.com\/blog\/","logo":{"@type":"ImageObject","inLanguage":"es","@id":"https:\/\/www.scrummanager.com\/blog\/#\/schema\/logo\/image\/","url":"https:\/\/www.scrummanager.com\/blog\/wp-content\/uploads\/2017\/06\/logo_scrum_manager_900.png","contentUrl":"https:\/\/www.scrummanager.com\/blog\/wp-content\/uploads\/2017\/06\/logo_scrum_manager_900.png","width":900,"height":225,"caption":"Scrum Manager"},"image":{"@id":"https:\/\/www.scrummanager.com\/blog\/#\/schema\/logo\/image\/"},"sameAs":["https:\/\/www.facebook.com\/pages\/Scrum-Manager\/144889095527292","https:\/\/x.com\/ScrumManager","https:\/\/www.linkedin.com\/company-beta\/5013857","https:\/\/www.youtube.com\/user\/scrummanager"]}]}},"_links":{"self":[{"href":"https:\/\/www.scrummanager.com\/blog\/wp-json\/wp\/v2\/pages\/1148","targetHints":{"allow":["GET"]}}],"collection":[{"href":"https:\/\/www.scrummanager.com\/blog\/wp-json\/wp\/v2\/pages"}],"about":[{"href":"https:\/\/www.scrummanager.com\/blog\/wp-json\/wp\/v2\/types\/page"}],"author":[{"embeddable":true,"href":"https:\/\/www.scrummanager.com\/blog\/wp-json\/wp\/v2\/users\/1"}],"replies":[{"embeddable":true,"href":"https:\/\/www.scrummanager.com\/blog\/wp-json\/wp\/v2\/comments?post=1148"}],"version-history":[{"count":7,"href":"https:\/\/www.scrummanager.com\/blog\/wp-json\/wp\/v2\/pages\/1148\/revisions"}],"predecessor-version":[{"id":1887,"href":"https:\/\/www.scrummanager.com\/blog\/wp-json\/wp\/v2\/pages\/1148\/revisions\/1887"}],"wp:attachment":[{"href":"https:\/\/www.scrummanager.com\/blog\/wp-json\/wp\/v2\/media?parent=1148"}],"curies":[{"name":"wp","href":"https:\/\/api.w.org\/{rel}","templated":true}]}}